{"id":460,"date":"2021-03-25T01:23:04","date_gmt":"2021-03-25T04:23:04","guid":{"rendered":"https:\/\/poiesisterapia.wordpress.com\/?page_id=460"},"modified":"2026-04-08T17:06:06","modified_gmt":"2026-04-08T20:06:06","slug":"servicos","status":"publish","type":"page","link":"https:\/\/espacopoiesis.com\/index.php\/servicos\/","title":{"rendered":"Especialidades"},"content":{"rendered":"\t\t<div data-elementor-type=\"wp-page\" data-elementor-id=\"460\" class=\"elementor elementor-460\">\n\t\t\t\t\t\t<section class=\"elementor-section elementor-top-section elementor-element elementor-element-1454be7 elementor-section-boxed elementor-section-height-default elementor-section-height-default\" data-id=\"1454be7\" data-element_type=\"section\" data-e-type=\"section\">\n\t\t\t\t\t\t<div class=\"elementor-container elementor-column-gap-default\">\n\t\t\t\t\t<div class=\"elementor-column elementor-col-25 elementor-top-column elementor-element elementor-element-96a604c\" data-id=\"96a604c\" data-element_type=\"column\" data-e-type=\"column\">\n\t\t\t<div class=\"elementor-widget-wrap elementor-element-populated\">\n\t\t\t\t\t\t<div class=\"elementor-element elementor-element-3ffada7 elementor-widget__width-initial elementor-widget elementor-widget-image\" data-id=\"3ffada7\" data-element_type=\"widget\" data-e-type=\"widget\" data-widget_type=\"image.default\">\n\t\t\t\t<div class=\"elementor-widget-container\">\n\t\t\t\t\t\t\t\t\t\t\t\t\t\t\t<img decoding=\"async\" width=\"200\" height=\"200\" src=\"https:\/\/espacopoiesis.com\/wp-content\/uploads\/2026\/04\/rod-of-excelence.png\" class=\"attachment-large size-large wp-image-1098\" alt=\"\" srcset=\"https:\/\/espacopoiesis.com\/wp-content\/uploads\/2026\/04\/rod-of-excelence.png 200w, https:\/\/espacopoiesis.com\/wp-content\/uploads\/2026\/04\/rod-of-excelence-150x150.png 150w\" sizes=\"(max-width: 200px) 100vw, 200px\" \/>\t\t\t\t\t\t\t\t\t\t\t\t\t\t\t<\/div>\n\t\t\t\t<\/div>\n\t\t\t\t<div class=\"elementor-element elementor-element-e773768 elementor-widget elementor-widget-text-editor\" data-id=\"e773768\" data-element_type=\"widget\" data-e-type=\"widget\" data-widget_type=\"text-editor.default\">\n\t\t\t\t<div class=\"elementor-widget-container\">\n\t\t\t\t\t\t\t\t\t<p style=\"text-align: center;\"><span style=\"color: #800000;\">Sofrimento no Trabalho<\/span><\/p>\n<ul>\n<li><span style=\"color: #2c2c2a;\">Sensa\u00e7\u00e3o de sobrecarga<\/span><\/li>\n<li><span style=\"color: #2c2c2a;\">Dificuldade de \u201cdesligar\u201d do trabalho<\/span><\/li>\n<li><span style=\"color: #2c2c2a;\">Inseguran\u00e7a diante de decis\u00f5es importantes<\/span><\/li>\n<li><span style=\"color: #2c2c2a;\">Medo de n\u00e3o corresponder \u00e0s expectativas<\/span><\/li>\n<li><span style=\"color: #2c2c2a;\">Pensamentos recorrentes de insufici\u00eancia<\/span><\/li>\n<li><span style=\"color: #2c2c2a;\">Compara\u00e7\u00e3o constante<\/span><\/li>\n<li><span style=\"color: #2c2c2a;\">Sensa\u00e7\u00e3o de estar sempre devendo algo<\/span><\/li>\n<\/ul>\n<p><span style=\"color: #2c2c2a;\">A psicoterapia oferece um espa\u00e7o estruturado para compreender esses padr\u00f5es, ampliar a consci\u00eancia sobre os pr\u00f3prios limites e desenvolver uma rela\u00e7\u00e3o mais saud\u00e1vel com o trabalho. Mais do que buscar apenas al\u00edvio imediato, o processo terap\u00eautico possibilita a constru\u00e7\u00e3o de escolhas mais alinhadas aos seus valores, favorecendo um posicionamento profissional mais aut\u00eantico, sustent\u00e1vel e coerente consigo mesmo.<\/span><\/p>\t\t\t\t\t\t\t\t<\/div>\n\t\t\t\t<\/div>\n\t\t\t\t\t<\/div>\n\t\t<\/div>\n\t\t\t\t<div class=\"elementor-column elementor-col-25 elementor-top-column elementor-element elementor-element-e7436b7\" data-id=\"e7436b7\" data-element_type=\"column\" data-e-type=\"column\">\n\t\t\t<div class=\"elementor-widget-wrap elementor-element-populated\">\n\t\t\t\t\t\t<div class=\"elementor-element elementor-element-3b68636 elementor-widget__width-initial elementor-widget elementor-widget-image\" data-id=\"3b68636\" data-element_type=\"widget\" data-e-type=\"widget\" data-widget_type=\"image.default\">\n\t\t\t\t<div class=\"elementor-widget-container\">\n\t\t\t\t\t\t\t\t\t\t\t\t\t\t\t<img decoding=\"async\" width=\"200\" height=\"200\" src=\"https:\/\/espacopoiesis.com\/wp-content\/uploads\/2026\/04\/interdependencia.png\" class=\"attachment-medium_large size-medium_large wp-image-1101\" alt=\"\" srcset=\"https:\/\/espacopoiesis.com\/wp-content\/uploads\/2026\/04\/interdependencia.png 200w, https:\/\/espacopoiesis.com\/wp-content\/uploads\/2026\/04\/interdependencia-150x150.png 150w\" sizes=\"(max-width: 200px) 100vw, 200px\" \/>\t\t\t\t\t\t\t\t\t\t\t\t\t\t\t<\/div>\n\t\t\t\t<\/div>\n\t\t\t\t<div class=\"elementor-element elementor-element-3abfcc0 elementor-widget elementor-widget-text-editor\" data-id=\"3abfcc0\" data-element_type=\"widget\" data-e-type=\"widget\" data-widget_type=\"text-editor.default\">\n\t\t\t\t<div class=\"elementor-widget-container\">\n\t\t\t\t\t\t\t\t\t<p style=\"text-align: center;\"><span style=\"color: #800000;\">Terapia Focada nos Relacionamentos<\/span><\/p><ul><li><span style=\"color: #2c2c2a;\">Medo de rejei\u00e7\u00e3o<\/span><\/li><li><span style=\"color: #2c2c2a;\">Inseguran\u00e7a afetiva<\/span><\/li><li><span style=\"color: #2c2c2a;\">Dificuldade em se posicionar ou em estabelecer limites<\/span><\/li><li><span style=\"color: #2c2c2a;\">Conflitos frequentes<\/span><\/li><li><span style=\"color: #2c2c2a;\">Ci\u00fames<\/span><\/li><li><span style=\"color: #2c2c2a;\">Depend\u00eancia emocional<\/span><\/li><li><span style=\"color: #2c2c2a;\">Sensa\u00e7\u00e3o de n\u00e3o ser compreendido<\/span><\/li><\/ul><p data-start=\"1130\" data-end=\"1455\"><span style=\"color: #2c2c2a;\">A psicoterapia oferece um espa\u00e7o estruturado para reconhecer esses padr\u00f5es, compreender suas origens e desenvolver novas formas de se relacionar. Ao longo do processo, voc\u00ea aprende a lidar melhor com suas emo\u00e7\u00f5es, a se comunicar de maneira mais assertiva e a construir rela\u00e7\u00f5es mais coerentes com seus valores e necessidades.<\/span><\/p>\t\t\t\t\t\t\t\t<\/div>\n\t\t\t\t<\/div>\n\t\t\t\t\t<\/div>\n\t\t<\/div>\n\t\t\t\t<div class=\"elementor-column elementor-col-25 elementor-top-column elementor-element elementor-element-b18ed99\" data-id=\"b18ed99\" data-element_type=\"column\" data-e-type=\"column\">\n\t\t\t<div class=\"elementor-widget-wrap elementor-element-populated\">\n\t\t\t\t\t\t<div class=\"elementor-element elementor-element-383b457 elementor-widget elementor-widget-image\" data-id=\"383b457\" data-element_type=\"widget\" data-e-type=\"widget\" data-widget_type=\"image.default\">\n\t\t\t\t<div class=\"elementor-widget-container\">\n\t\t\t\t\t\t\t\t\t\t\t\t\t\t\t<img decoding=\"async\" width=\"200\" height=\"200\" src=\"https:\/\/espacopoiesis.com\/wp-content\/uploads\/2026\/04\/Caminho-sinuosos.png\" class=\"attachment-large size-large wp-image-1100\" alt=\"\" srcset=\"https:\/\/espacopoiesis.com\/wp-content\/uploads\/2026\/04\/Caminho-sinuosos.png 200w, https:\/\/espacopoiesis.com\/wp-content\/uploads\/2026\/04\/Caminho-sinuosos-150x150.png 150w\" sizes=\"(max-width: 200px) 100vw, 200px\" \/>\t\t\t\t\t\t\t\t\t\t\t\t\t\t\t<\/div>\n\t\t\t\t<\/div>\n\t\t\t\t<div class=\"elementor-element elementor-element-b288786 elementor-widget elementor-widget-text-editor\" data-id=\"b288786\" data-element_type=\"widget\" data-e-type=\"widget\" data-widget_type=\"text-editor.default\">\n\t\t\t\t<div class=\"elementor-widget-container\">\n\t\t\t\t\t\t\t\t\t<p style=\"text-align: center;\"><span style=\"color: #800000;\">Desenvolvimento de Crian\u00e7as e Adolescentes<\/span><\/p><ul><li><span style=\"color: #2c2c2a;\">Dificuldades Escolares<\/span><\/li><li><span style=\"color: #2c2c2a;\">Sensa\u00e7\u00e3o de ansiedade;<\/span><\/li><li><span style=\"color: #2c2c2a;\">Irritabilidade constante;<\/span><\/li><li><span style=\"color: #2c2c2a;\">Isolamento social,<\/span><\/li><li><span style=\"color: #2c2c2a;\">Dificuldade de comunica\u00e7\u00e3o;<\/span><\/li><\/ul><p data-start=\"832\" data-end=\"1209\"><span style=\"color: #2c2c2a;\">A psicoterapia oferece um espa\u00e7o estruturado para que a crian\u00e7a ou adolescente possa se expressar com liberdade, desenvolver recursos emocionais e aprender a lidar de forma mais saud\u00e1vel com pensamentos e sentimentos dif\u00edceis. Ao mesmo tempo, o processo terap\u00eautico contribui para fortalecer a autonomia, a comunica\u00e7\u00e3o e a capacidade de fazer escolhas mais alinhadas aos pr\u00f3prios valores.<\/span><\/p><p data-start=\"832\" data-end=\"1209\"><span style=\"color: #2c2c2a;\">Para os pais, trata-se de um investimento no desenvolvimento integral dos filhos, favorecendo n\u00e3o apenas o enfrentamento de dificuldades atuais, mas tamb\u00e9m a constru\u00e7\u00e3o de bases s\u00f3lidas para a vida adulta. A psicoterapia auxilia na preven\u00e7\u00e3o de agravamentos emocionais,\u00a0 e apoia na constru\u00e7\u00e3o de um desenvolvimento mais seguro, consciente e saud\u00e1vel.<\/span><\/p>\t\t\t\t\t\t\t\t<\/div>\n\t\t\t\t<\/div>\n\t\t\t\t\t<\/div>\n\t\t<\/div>\n\t\t\t\t<div class=\"elementor-column elementor-col-25 elementor-top-column elementor-element elementor-element-fd12450\" data-id=\"fd12450\" data-element_type=\"column\" data-e-type=\"column\">\n\t\t\t<div class=\"elementor-widget-wrap elementor-element-populated\">\n\t\t\t\t\t\t<div class=\"elementor-element elementor-element-d5404ee elementor-widget elementor-widget-image\" data-id=\"d5404ee\" data-element_type=\"widget\" data-e-type=\"widget\" data-widget_type=\"image.default\">\n\t\t\t\t<div class=\"elementor-widget-container\">\n\t\t\t\t\t\t\t\t\t\t\t\t\t\t\t<img loading=\"lazy\" decoding=\"async\" width=\"200\" height=\"200\" src=\"https:\/\/espacopoiesis.com\/wp-content\/uploads\/2026\/04\/unit-hearts.png\" class=\"attachment-large size-large wp-image-1102\" alt=\"\" srcset=\"https:\/\/espacopoiesis.com\/wp-content\/uploads\/2026\/04\/unit-hearts.png 200w, https:\/\/espacopoiesis.com\/wp-content\/uploads\/2026\/04\/unit-hearts-150x150.png 150w\" sizes=\"(max-width: 200px) 100vw, 200px\" \/>\t\t\t\t\t\t\t\t\t\t\t\t\t\t\t<\/div>\n\t\t\t\t<\/div>\n\t\t\t\t<div class=\"elementor-element elementor-element-70c5fd4 elementor-widget elementor-widget-text-editor\" data-id=\"70c5fd4\" data-element_type=\"widget\" data-e-type=\"widget\" data-widget_type=\"text-editor.default\">\n\t\t\t\t<div class=\"elementor-widget-container\">\n\t\t\t\t\t\t\t\t\t<p style=\"text-align: center;\"><span style=\"color: #800000;\">Desenvolvimento de habilidades sociais e ao manejo do autismo<\/span><\/p><ul><li><span style=\"color: #2c2c2a;\">Dificuldades na comunica\u00e7\u00e3o<\/span><\/li><li><span style=\"color: #2c2c2a;\">Leitura de contextos sociais<\/span><\/li><li><span style=\"color: #2c2c2a;\">Express\u00e3o de sentimentos<\/span><\/li><li><span style=\"color: #2c2c2a;\">Adapta\u00e7\u00e3o a mudan\u00e7as<\/span><\/li><li><span style=\"color: #2c2c2a;\">Inseguran\u00e7a ou sensa\u00e7\u00e3o de inadequa\u00e7\u00e3o<\/span><\/li><\/ul><div class=\"flex flex-col text-sm pb-25\"><section class=\"text-token-text-primary w-full focus:outline-none [--shadow-height:45px] has-data-writing-block:pointer-events-none has-data-writing-block:-mt-(--shadow-height) has-data-writing-block:pt-(--shadow-height) [&amp;:has([data-writing-block])&gt;*]:pointer-events-auto scroll-mt-[calc(var(--header-height)+min(200px,max(70px,20svh)))]\" dir=\"auto\" data-turn-id=\"d66a13d6-041b-4a6c-8f1c-ce8d99271a7c\" data-testid=\"conversation-turn-18\" data-scroll-anchor=\"true\" data-turn=\"assistant\"><div class=\"text-base my-auto mx-auto pb-10 [--thread-content-margin:var(--thread-content-margin-xs,calc(var(--spacing)*4))] @w-sm\/main:[--thread-content-margin:var(--thread-content-margin-sm,calc(var(--spacing)*6))] @w-lg\/main:[--thread-content-margin:var(--thread-content-margin-lg,calc(var(--spacing)*16))] px-(--thread-content-margin)\"><div class=\"[--thread-content-max-width:40rem] @w-lg\/main:[--thread-content-max-width:48rem] mx-auto max-w-(--thread-content-max-width) flex-1 group\/turn-messages focus-visible:outline-hidden relative flex w-full min-w-0 flex-col agent-turn\"><div class=\"flex max-w-full flex-col gap-4 grow\"><div data-message-author-role=\"assistant\" data-message-id=\"d66a13d6-041b-4a6c-8f1c-ce8d99271a7c\" data-turn-start-message=\"true\" dir=\"auto\" data-message-model-slug=\"gpt-5-3\" class=\"min-h-8 text-message relative flex w-full flex-col items-end gap-2 text-start break-words whitespace-normal outline-none keyboard-focused:focus-ring [.text-message+&amp;]:mt-1\" tabindex=\"0\"><div class=\"flex w-full flex-col gap-1 empty:hidden\"><div class=\"markdown prose dark:prose-invert w-full wrap-break-word dark markdown-new-styling\"><p data-start=\"1184\" data-end=\"1582\" data-is-last-node=\"\" data-is-only-node=\"\"><span style=\"color: #2c2c2a;\">Em vez de buscar \u201cadequa\u00e7\u00e3o\u201d, o processo terap\u00eautico valoriza a singularidade de cada indiv\u00edduo, apoiando a constru\u00e7\u00e3o de formas de se relacionar que sejam mais confort\u00e1veis, aut\u00eanticas e alinhadas aos pr\u00f3prios valores. Ao longo do acompanhamento, \u00e9 poss\u00edvel ampliar a confian\u00e7a nas intera\u00e7\u00f5es, reduzir o sofrimento associado \u00e0s demandas sociais e construir uma vida com mais sentido e qualidade.<\/span><\/p><\/div><\/div><\/div><\/div><div class=\"z-0 flex min-h-[46px] justify-start\"><\/div><\/div><\/div><\/section><\/div>\t\t\t\t\t\t\t\t<\/div>\n\t\t\t\t<\/div>\n\t\t\t\t\t<\/div>\n\t\t<\/div>\n\t\t\t\t\t<\/div>\n\t\t<\/section>\n\t\t\t\t<\/div>\n\t\t","protected":false},"excerpt":{"rendered":"<p>Servi\u00e7os oferecidos no consult\u00f3rio de psicologia Espa\u00e7o Poiesis: Terapia individual, arteterapia, avalia\u00e7\u00e3o psicol\u00f3gica e atendimento em sa\u00fade sexual\/sexologia.<\/p>\n","protected":false},"author":1,"featured_media":0,"parent":0,"menu_order":0,"comment_status":"closed","ping_status":"closed","template":"","meta":{"footnotes":""},"class_list":["post-460","page","type-page","status-publish","hentry"],"aioseo_notices":[],"_links":{"self":[{"href":"https:\/\/espacopoiesis.com\/index.php\/wp-json\/wp\/v2\/pages\/460","targetHints":{"allow":["GET"]}}],"collection":[{"href":"https:\/\/espacopoiesis.com\/index.php\/wp-json\/wp\/v2\/pages"}],"about":[{"href":"https:\/\/espacopoiesis.com\/index.php\/wp-json\/wp\/v2\/types\/page"}],"author":[{"embeddable":true,"href":"https:\/\/espacopoiesis.com\/index.php\/wp-json\/wp\/v2\/users\/1"}],"replies":[{"embeddable":true,"href":"https:\/\/espacopoiesis.com\/index.php\/wp-json\/wp\/v2\/comments?post=460"}],"version-history":[{"count":8,"href":"https:\/\/espacopoiesis.com\/index.php\/wp-json\/wp\/v2\/pages\/460\/revisions"}],"predecessor-version":[{"id":1130,"href":"https:\/\/espacopoiesis.com\/index.php\/wp-json\/wp\/v2\/pages\/460\/revisions\/1130"}],"wp:attachment":[{"href":"https:\/\/espacopoiesis.com\/index.php\/wp-json\/wp\/v2\/media?parent=460"}],"curies":[{"name":"wp","href":"https:\/\/api.w.org\/{rel}","templated":true}]}}